{"id":8,"date":"2014-05-08T20:25:43","date_gmt":"2014-05-08T18:25:43","guid":{"rendered":"http:\/\/auszeit-an-der-aurach.de\/?page_id=8"},"modified":"2024-02-07T11:38:54","modified_gmt":"2024-02-07T09:38:54","slug":"ueber-mich","status":"publish","type":"page","link":"http:\/\/www.auszeit-an-der-aurach.de\/?page_id=8","title":{"rendered":"\u00dcber mich"},"content":{"rendered":"\n<div class=\"wp-block-columns\">\n<div class=\"wp-block-column\" style=\"flex-basis:100%\">\n<div class=\"wp-container-1 wp-block-group\"><div class=\"wp-block-group__inner-container\">\n<p><\/p>\n\n\n\n<h2 class=\"has-text-align-center\" style=\"font-size:22px\"><strong>Ich m\u00f6chte mich hier kurz vorstellen.<\/strong><\/h2>\n<\/div><\/div>\n<\/div>\n<\/div>\n\n\n\n<p class=\"has-text-align-center has-normal-font-size\">Mein Name ist Ruth G\u00fcllich. Ich bin seit \u00fcber 38 Jahren verheiratet und habe zwei Kinder und drei Enkelkinder. Ich bin gelernte Hauswirtschaftsmeisterin und staatlich gepr\u00fcfte Gartenb\u00e4uerin mit viel Liebe zum Garten.<\/p>\n\n\n\n<figure class=\"wp-block-image is-style-default\"><img loading=\"lazy\" width=\"1024\" height=\"682\" src=\"http:\/\/www.auszeit-an-der-aurach.de\/wp-content\/uploads\/2014\/12\/Bild36-1024x682.jpg\" alt=\"\" class=\"wp-image-165\" srcset=\"http:\/\/www.auszeit-an-der-aurach.de\/wp-content\/uploads\/2014\/12\/Bild36-1024x682.jpg 1024w, http:\/\/www.auszeit-an-der-aurach.de\/wp-content\/uploads\/2014\/12\/Bild36-300x199.jpg 300w, http:\/\/www.auszeit-an-der-aurach.de\/wp-content\/uploads\/2014\/12\/Bild36-100x66.jpg 100w, http:\/\/www.auszeit-an-der-aurach.de\/wp-content\/uploads\/2014\/12\/Bild36-150x99.jpg 150w, http:\/\/www.auszeit-an-der-aurach.de\/wp-content\/uploads\/2014\/12\/Bild36-200x133.jpg 200w, http:\/\/www.auszeit-an-der-aurach.de\/wp-content\/uploads\/2014\/12\/Bild36-450x299.jpg 450w, http:\/\/www.auszeit-an-der-aurach.de\/wp-content\/uploads\/2014\/12\/Bild36-600x399.jpg 600w, http:\/\/www.auszeit-an-der-aurach.de\/wp-content\/uploads\/2014\/12\/Bild36-900x599.jpg 900w\" sizes=\"(max-width: 1024px) 100vw, 1024px\" \/><\/figure>\n\n\n\n<p class=\"has-text-align-center has-normal-font-size\">Begonnen hat alles mit einem kleinen Bauerngarten der inzwischen bis auf ca. 5000 m\u00b2 angewachsen ist.<\/p>\n\n\n\n<p class=\"has-text-align-center has-normal-font-size\"><\/p>\n\n\n\n<figure class=\"wp-block-image size-large is-style-default\"><a href=\"http:\/\/www.auszeit-an-der-aurach.de\/wp-content\/uploads\/2014\/12\/034.jpg\"><img loading=\"lazy\" width=\"1024\" height=\"576\" src=\"http:\/\/www.auszeit-an-der-aurach.de\/wp-content\/uploads\/2014\/12\/034-1024x576.jpg\" alt=\"\" class=\"wp-image-213\" srcset=\"http:\/\/www.auszeit-an-der-aurach.de\/wp-content\/uploads\/2014\/12\/034-1024x576.jpg 1024w, http:\/\/www.auszeit-an-der-aurach.de\/wp-content\/uploads\/2014\/12\/034-300x168.jpg 300w, http:\/\/www.auszeit-an-der-aurach.de\/wp-content\/uploads\/2014\/12\/034-100x56.jpg 100w, http:\/\/www.auszeit-an-der-aurach.de\/wp-content\/uploads\/2014\/12\/034-150x84.jpg 150w, http:\/\/www.auszeit-an-der-aurach.de\/wp-content\/uploads\/2014\/12\/034-200x112.jpg 200w, http:\/\/www.auszeit-an-der-aurach.de\/wp-content\/uploads\/2014\/12\/034-450x253.jpg 450w, http:\/\/www.auszeit-an-der-aurach.de\/wp-content\/uploads\/2014\/12\/034-600x337.jpg 600w, http:\/\/www.auszeit-an-der-aurach.de\/wp-content\/uploads\/2014\/12\/034-900x506.jpg 900w, http:\/\/www.auszeit-an-der-aurach.de\/wp-content\/uploads\/2014\/12\/034.jpg 1032w\" sizes=\"(max-width: 1024px) 100vw, 1024px\" \/><\/a><\/figure>\n\n\n\n<figure class=\"wp-block-image size-large\"><a href=\"http:\/\/www.auszeit-an-der-aurach.de\/wp-content\/uploads\/2024\/02\/IMG-20240206-WA0006-rotated.jpg\"><img loading=\"lazy\" width=\"1024\" height=\"768\" src=\"http:\/\/www.auszeit-an-der-aurach.de\/wp-content\/uploads\/2024\/02\/IMG-20240206-WA0006-1024x768.jpg\" alt=\"\" class=\"wp-image-374\" srcset=\"http:\/\/www.auszeit-an-der-aurach.de\/wp-content\/uploads\/2024\/02\/IMG-20240206-WA0006-1024x768.jpg 1024w, http:\/\/www.auszeit-an-der-aurach.de\/wp-content\/uploads\/2024\/02\/IMG-20240206-WA0006-300x225.jpg 300w, http:\/\/www.auszeit-an-der-aurach.de\/wp-content\/uploads\/2024\/02\/IMG-20240206-WA0006-768x576.jpg 768w, http:\/\/www.auszeit-an-der-aurach.de\/wp-content\/uploads\/2024\/02\/IMG-20240206-WA0006-1536x1152.jpg 1536w, http:\/\/www.auszeit-an-der-aurach.de\/wp-content\/uploads\/2024\/02\/IMG-20240206-WA0006-100x75.jpg 100w, http:\/\/www.auszeit-an-der-aurach.de\/wp-content\/uploads\/2024\/02\/IMG-20240206-WA0006-150x113.jpg 150w, http:\/\/www.auszeit-an-der-aurach.de\/wp-content\/uploads\/2024\/02\/IMG-20240206-WA0006-200x150.jpg 200w, http:\/\/www.auszeit-an-der-aurach.de\/wp-content\/uploads\/2024\/02\/IMG-20240206-WA0006-450x338.jpg 450w, http:\/\/www.auszeit-an-der-aurach.de\/wp-content\/uploads\/2024\/02\/IMG-20240206-WA0006-600x450.jpg 600w, http:\/\/www.auszeit-an-der-aurach.de\/wp-content\/uploads\/2024\/02\/IMG-20240206-WA0006-900x675.jpg 900w, http:\/\/www.auszeit-an-der-aurach.de\/wp-content\/uploads\/2024\/02\/IMG-20240206-WA0006-rotated.jpg 1600w\" sizes=\"(max-width: 1024px) 100vw, 1024px\" \/><\/a><\/figure>\n\n\n\n<figure class=\"wp-block-image size-large\"><a href=\"http:\/\/www.auszeit-an-der-aurach.de\/wp-content\/uploads\/2024\/02\/IMG-20240206-WA0005.jpg\"><img loading=\"lazy\" width=\"1024\" height=\"768\" src=\"http:\/\/www.auszeit-an-der-aurach.de\/wp-content\/uploads\/2024\/02\/IMG-20240206-WA0005-1024x768.jpg\" alt=\"\" class=\"wp-image-375\" srcset=\"http:\/\/www.auszeit-an-der-aurach.de\/wp-content\/uploads\/2024\/02\/IMG-20240206-WA0005-1024x768.jpg 1024w, http:\/\/www.auszeit-an-der-aurach.de\/wp-content\/uploads\/2024\/02\/IMG-20240206-WA0005-300x225.jpg 300w, http:\/\/www.auszeit-an-der-aurach.de\/wp-content\/uploads\/2024\/02\/IMG-20240206-WA0005-768x576.jpg 768w, http:\/\/www.auszeit-an-der-aurach.de\/wp-content\/uploads\/2024\/02\/IMG-20240206-WA0005-1536x1152.jpg 1536w, http:\/\/www.auszeit-an-der-aurach.de\/wp-content\/uploads\/2024\/02\/IMG-20240206-WA0005-100x75.jpg 100w, http:\/\/www.auszeit-an-der-aurach.de\/wp-content\/uploads\/2024\/02\/IMG-20240206-WA0005-150x113.jpg 150w, http:\/\/www.auszeit-an-der-aurach.de\/wp-content\/uploads\/2024\/02\/IMG-20240206-WA0005-200x150.jpg 200w, http:\/\/www.auszeit-an-der-aurach.de\/wp-content\/uploads\/2024\/02\/IMG-20240206-WA0005-450x338.jpg 450w, http:\/\/www.auszeit-an-der-aurach.de\/wp-content\/uploads\/2024\/02\/IMG-20240206-WA0005-600x450.jpg 600w, http:\/\/www.auszeit-an-der-aurach.de\/wp-content\/uploads\/2024\/02\/IMG-20240206-WA0005-900x675.jpg 900w, http:\/\/www.auszeit-an-der-aurach.de\/wp-content\/uploads\/2024\/02\/IMG-20240206-WA0005.jpg 1600w\" sizes=\"(max-width: 1024px) 100vw, 1024px\" \/><\/a><\/figure>\n","protected":false},"excerpt":{"rendered":"<p>Ich m\u00f6chte mich hier kurz vorstellen. Mein Name ist Ruth G\u00fcllich. Ich bin seit \u00fcber 38 Jahren verheiratet und habe zwei Kinder und drei Enkelkinder. Ich bin gelernte Hauswirtschaftsmeisterin und staatlich gepr\u00fcfte Gartenb\u00e4uerin mit viel Liebe zum Garten. Begonnen hat &hellip;<\/p>\n<p class=\"read-more\"> <a class=\"more-link\" href=\"http:\/\/www.auszeit-an-der-aurach.de\/?page_id=8\"> <span class=\"screen-reader-text\">\u00dcber mich<\/span> Read More &raquo;<\/a><\/p>\n","protected":false},"author":1,"featured_media":227,"parent":0,"menu_order":0,"comment_status":"closed","ping_status":"closed","template":"gutenberg-fullwidth.php","meta":[],"_links":{"self":[{"href":"http:\/\/www.auszeit-an-der-aurach.de\/index.php?rest_route=\/wp\/v2\/pages\/8"}],"collection":[{"href":"http:\/\/www.auszeit-an-der-aurach.de\/index.php?rest_route=\/wp\/v2\/pages"}],"about":[{"href":"http:\/\/www.auszeit-an-der-aurach.de\/index.php?rest_route=\/wp\/v2\/types\/page"}],"author":[{"embeddable":true,"href":"http:\/\/www.auszeit-an-der-aurach.de\/index.php?rest_route=\/wp\/v2\/users\/1"}],"replies":[{"embeddable":true,"href":"http:\/\/www.auszeit-an-der-aurach.de\/index.php?rest_route=%2Fwp%2Fv2%2Fcomments&post=8"}],"version-history":[{"count":24,"href":"http:\/\/www.auszeit-an-der-aurach.de\/index.php?rest_route=\/wp\/v2\/pages\/8\/revisions"}],"predecessor-version":[{"id":376,"href":"http:\/\/www.auszeit-an-der-aurach.de\/index.php?rest_route=\/wp\/v2\/pages\/8\/revisions\/376"}],"wp:featuredmedia":[{"embeddable":true,"href":"http:\/\/www.auszeit-an-der-aurach.de\/index.php?rest_route=\/wp\/v2\/media\/227"}],"wp:attachment":[{"href":"http:\/\/www.auszeit-an-der-aurach.de\/index.php?rest_route=%2Fwp%2Fv2%2Fmedia&parent=8"}],"curies":[{"name":"wp","href":"https:\/\/api.w.org\/{rel}","templated":true}]}}

Über mich

<div class="wp-block-columns">
<div class="wp-block-column" style="flex-basis:100%">
<div class="wp-container-1 wp-block-group"><div class="wp-block-group__inner-container">
<p></p>



<h2 class="has-text-align-center" style="font-size:22px"><strong>Ich möchte mich hier kurz vorstellen.</strong></h2>
</div></div>
</div>
</div>



<p class="has-text-align-center has-normal-font-size">Mein Name ist Ruth Güllich. Ich bin seit über 38 Jahren verheiratet und habe zwei Kinder und drei Enkelkinder. Ich bin gelernte Hauswirtschaftsmeisterin und staatlich geprüfte Gartenbäuerin mit viel Liebe zum Garten.</p>



<figure class="wp-block-image is-style-default"><img loading="lazy" width="1024" height="682" src="http://www.auszeit-an-der-aurach.de/wp-content/uploads/2014/12/Bild36-1024x682.jpg" alt="" class="wp-image-165" srcset="http://www.auszeit-an-der-aurach.de/wp-content/uploads/2014/12/Bild36-1024x682.jpg 1024w, http://www.auszeit-an-der-aurach.de/wp-content/uploads/2014/12/Bild36-300x199.jpg 300w, http://www.auszeit-an-der-aurach.de/wp-content/uploads/2014/12/Bild36-100x66.jpg 100w, http://www.auszeit-an-der-aurach.de/wp-content/uploads/2014/12/Bild36-150x99.jpg 150w, http://www.auszeit-an-der-aurach.de/wp-content/uploads/2014/12/Bild36-200x133.jpg 200w, http://www.auszeit-an-der-aurach.de/wp-content/uploads/2014/12/Bild36-450x299.jpg 450w, http://www.auszeit-an-der-aurach.de/wp-content/uploads/2014/12/Bild36-600x399.jpg 600w, http://www.auszeit-an-der-aurach.de/wp-content/uploads/2014/12/Bild36-900x599.jpg 900w" sizes="(max-width: 1024px) 100vw, 1024px" /></figure>



<p class="has-text-align-center has-normal-font-size">Begonnen hat alles mit einem kleinen Bauerngarten der inzwischen bis auf ca. 5000 m² angewachsen ist.</p>



<p class="has-text-align-center has-normal-font-size"></p>



<figure class="wp-block-image size-large is-style-default"><a href="http://www.auszeit-an-der-aurach.de/wp-content/uploads/2014/12/034.jpg"><img loading="lazy" width="1024" height="576" src="http://www.auszeit-an-der-aurach.de/wp-content/uploads/2014/12/034-1024x576.jpg" alt="" class="wp-image-213" srcset="http://www.auszeit-an-der-aurach.de/wp-content/uploads/2014/12/034-1024x576.jpg 1024w, http://www.auszeit-an-der-aurach.de/wp-content/uploads/2014/12/034-300x168.jpg 300w, http://www.auszeit-an-der-aurach.de/wp-content/uploads/2014/12/034-100x56.jpg 100w, http://www.auszeit-an-der-aurach.de/wp-content/uploads/2014/12/034-150x84.jpg 150w, http://www.auszeit-an-der-aurach.de/wp-content/uploads/2014/12/034-200x112.jpg 200w, http://www.auszeit-an-der-aurach.de/wp-content/uploads/2014/12/034-450x253.jpg 450w, http://www.auszeit-an-der-aurach.de/wp-content/uploads/2014/12/034-600x337.jpg 600w, http://www.auszeit-an-der-aurach.de/wp-content/uploads/2014/12/034-900x506.jpg 900w, http://www.auszeit-an-der-aurach.de/wp-content/uploads/2014/12/034.jpg 1032w" sizes="(max-width: 1024px) 100vw, 1024px" /></a></figure>



<figure class="wp-block-image size-large"><a href="http://www.auszeit-an-der-aurach.de/wp-content/uploads/2024/02/IMG-20240206-WA0006-rotated.jpg"><img loading="lazy" width="1024" height="768" src="http://www.auszeit-an-der-aurach.de/wp-content/uploads/2024/02/IMG-20240206-WA0006-1024x768.jpg" alt="" class="wp-image-374" srcset="http://www.auszeit-an-der-aurach.de/wp-content/uploads/2024/02/IMG-20240206-WA0006-1024x768.jpg 1024w, http://www.auszeit-an-der-aurach.de/wp-content/uploads/2024/02/IMG-20240206-WA0006-300x225.jpg 300w, http://www.auszeit-an-der-aurach.de/wp-content/uploads/2024/02/IMG-20240206-WA0006-768x576.jpg 768w, http://www.auszeit-an-der-aurach.de/wp-content/uploads/2024/02/IMG-20240206-WA0006-1536x1152.jpg 1536w, http://www.auszeit-an-der-aurach.de/wp-content/uploads/2024/02/IMG-20240206-WA0006-100x75.jpg 100w, http://www.auszeit-an-der-aurach.de/wp-content/uploads/2024/02/IMG-20240206-WA0006-150x113.jpg 150w, http://www.auszeit-an-der-aurach.de/wp-content/uploads/2024/02/IMG-20240206-WA0006-200x150.jpg 200w, http://www.auszeit-an-der-aurach.de/wp-content/uploads/2024/02/IMG-20240206-WA0006-450x338.jpg 450w, http://www.auszeit-an-der-aurach.de/wp-content/uploads/2024/02/IMG-20240206-WA0006-600x450.jpg 600w, http://www.auszeit-an-der-aurach.de/wp-content/uploads/2024/02/IMG-20240206-WA0006-900x675.jpg 900w, http://www.auszeit-an-der-aurach.de/wp-content/uploads/2024/02/IMG-20240206-WA0006-rotated.jpg 1600w" sizes="(max-width: 1024px) 100vw, 1024px" /></a></figure>



<figure class="wp-block-image size-large"><a href="http://www.auszeit-an-der-aurach.de/wp-content/uploads/2024/02/IMG-20240206-WA0005.jpg"><img loading="lazy" width="1024" height="768" src="http://www.auszeit-an-der-aurach.de/wp-content/uploads/2024/02/IMG-20240206-WA0005-1024x768.jpg" alt="" class="wp-image-375" srcset="http://www.auszeit-an-der-aurach.de/wp-content/uploads/2024/02/IMG-20240206-WA0005-1024x768.jpg 1024w, http://www.auszeit-an-der-aurach.de/wp-content/uploads/2024/02/IMG-20240206-WA0005-300x225.jpg 300w, http://www.auszeit-an-der-aurach.de/wp-content/uploads/2024/02/IMG-20240206-WA0005-768x576.jpg 768w, http://www.auszeit-an-der-aurach.de/wp-content/uploads/2024/02/IMG-20240206-WA0005-1536x1152.jpg 1536w, http://www.auszeit-an-der-aurach.de/wp-content/uploads/2024/02/IMG-20240206-WA0005-100x75.jpg 100w, http://www.auszeit-an-der-aurach.de/wp-content/uploads/2024/02/IMG-20240206-WA0005-150x113.jpg 150w, http://www.auszeit-an-der-aurach.de/wp-content/uploads/2024/02/IMG-20240206-WA0005-200x150.jpg 200w, http://www.auszeit-an-der-aurach.de/wp-content/uploads/2024/02/IMG-20240206-WA0005-450x338.jpg 450w, http://www.auszeit-an-der-aurach.de/wp-content/uploads/2024/02/IMG-20240206-WA0005-600x450.jpg 600w, http://www.auszeit-an-der-aurach.de/wp-content/uploads/2024/02/IMG-20240206-WA0005-900x675.jpg 900w, http://www.auszeit-an-der-aurach.de/wp-content/uploads/2024/02/IMG-20240206-WA0005.jpg 1600w" sizes="(max-width: 1024px) 100vw, 1024px" /></a></figure>

<p>Ich möchte mich hier kurz vorstellen. Mein Name ist Ruth Güllich. Ich bin seit über 38 Jahren verheiratet und habe zwei Kinder und drei Enkelkinder. Ich bin gelernte Hauswirtschaftsmeisterin und staatlich geprüfte Gartenbäuerin mit viel Liebe zum Garten. Begonnen hat &hellip;</p>
<p class="read-more"> <a class="more-link" href="http://www.auszeit-an-der-aurach.de/?page_id=8"> <span class="screen-reader-text">Über mich</span> Read More &raquo;</a></p>
