{"id":10,"date":"2014-05-08T20:26:02","date_gmt":"2014-05-08T18:26:02","guid":{"rendered":"http:\/\/auszeit-an-der-aurach.de\/?page_id=10"},"modified":"2026-01-02T12:13:12","modified_gmt":"2026-01-02T10:13:12","slug":"servicepreise","status":"publish","type":"page","link":"http:\/\/www.auszeit-an-der-aurach.de\/?page_id=10","title":{"rendered":"Termine\/Preise"},"content":{"rendered":"\n<p class=\"has-text-align-center\"><strong>&nbsp; &nbsp; &nbsp; &nbsp; &nbsp; &nbsp; &nbsp; &nbsp; &nbsp; &nbsp; &nbsp; &nbsp; &nbsp; &nbsp; &nbsp; &nbsp;&nbsp;<\/strong><\/p>\n\n\n\n<figure class=\"wp-block-image\"><a href=\"http:\/\/www.auszeit-an-der-aurach.de\/wp-content\/uploads\/2014\/05\/IMG-20210114-WA0002.jpg\"><img loading=\"lazy\" width=\"1024\" height=\"768\" src=\"http:\/\/www.auszeit-an-der-aurach.de\/wp-content\/uploads\/2014\/05\/IMG-20210114-WA0002-1024x768.jpg\" alt=\"IMG-20210114-WA0002\" class=\"wp-image-270\" srcset=\"http:\/\/www.auszeit-an-der-aurach.de\/wp-content\/uploads\/2014\/05\/IMG-20210114-WA0002-1024x768.jpg 1024w, http:\/\/www.auszeit-an-der-aurach.de\/wp-content\/uploads\/2014\/05\/IMG-20210114-WA0002-300x225.jpg 300w, http:\/\/www.auszeit-an-der-aurach.de\/wp-content\/uploads\/2014\/05\/IMG-20210114-WA0002-100x75.jpg 100w, http:\/\/www.auszeit-an-der-aurach.de\/wp-content\/uploads\/2014\/05\/IMG-20210114-WA0002-150x112.jpg 150w, http:\/\/www.auszeit-an-der-aurach.de\/wp-content\/uploads\/2014\/05\/IMG-20210114-WA0002-200x150.jpg 200w, http:\/\/www.auszeit-an-der-aurach.de\/wp-content\/uploads\/2014\/05\/IMG-20210114-WA0002-450x337.jpg 450w, http:\/\/www.auszeit-an-der-aurach.de\/wp-content\/uploads\/2014\/05\/IMG-20210114-WA0002-600x450.jpg 600w, http:\/\/www.auszeit-an-der-aurach.de\/wp-content\/uploads\/2014\/05\/IMG-20210114-WA0002-900x675.jpg 900w, http:\/\/www.auszeit-an-der-aurach.de\/wp-content\/uploads\/2014\/05\/IMG-20210114-WA0002.jpg 1416w\" sizes=\"(max-width: 1024px) 100vw, 1024px\" \/><\/a><\/figure>\n\n\n\n<p class=\"has-text-align-center\"><strong><span style=\"text-align: center;\">\u00a0Teilnahme nach\u00a0vorheriger Anmeldung<\/span> <\/strong>\u260e\ufe0f<\/p>\n\n\n\n<p class=\"has-text-align-center\">Gartenf\u00fchrungen 5 \u20ac <img loading=\"lazy\" height=\"20px\" width=\"20px\" src=\"https:\/\/statics.teams.cdn.office.net\/evergreen-assets\/personal-expressions\/v2\/assets\/emoticons\/sunflower\/default\/20_f.png?v=v15\" alt=\"Sonnenblume\"><\/p>\n\n\n\n<p class=\"has-text-align-center\">Verk\u00f6stigung nach Absprache inkl.:<br>Begr\u00fc\u00dfungsgetr\u00e4nk <img loading=\"lazy\" height=\"20px\" width=\"20px\" src=\"https:\/\/statics.teams.cdn.office.net\/evergreen-assets\/personal-expressions\/v2\/assets\/emoticons\/cheers\/default\/20_f.png?v=v26\" alt=\"Prost!\"><br>Kaffee &amp; Kuchen <img loading=\"lazy\" width=\"20px\" height=\"20px\" src=\"https:\/\/statics.teams.cdn.office.net\/evergreen-assets\/personal-expressions\/v2\/assets\/emoticons\/cakeslice\/default\/20_f.png?v=v19\" alt=\"St\u00fcck Kuchen\"><br>oder Herzhaftes mit Nachtisch <img loading=\"lazy\" height=\"20px\" width=\"20px\" src=\"https:\/\/statics.teams.cdn.office.net\/evergreen-assets\/personal-expressions\/v2\/assets\/emoticons\/pizzaslice\/default\/20_f.png?v=v9\" alt=\"St\u00fcck Pizza\"><br>Getr\u00e4nke \ud83e\uddc9<br>-> 15 \u20ac<\/p>\n\n\n\n<p class=\"has-text-align-center\">\u00a0 Individuelle Absprachen m\u00f6glich \ud83d\udc65<\/p>\n\n\n\n<p class=\"has-text-align-center\">\u00a0Teilnehmerzahl ab 10 Personen \ud83d\udc50<\/p>\n\n\n\n<p class=\"has-text-align-center\">Wir freuen uns auf euch \ud83d\ude0d<\/p>\n\n\n\n<figure class=\"wp-block-image\"><a href=\"http:\/\/www.auszeit-an-der-aurach.de\/wp-content\/uploads\/2014\/05\/MG_4865.jpg\"><img loading=\"lazy\" width=\"5616\" height=\"3744\" src=\"http:\/\/www.auszeit-an-der-aurach.de\/wp-content\/uploads\/2014\/05\/MG_4865.jpg\" alt=\"_MG_4865\" class=\"wp-image-233\" srcset=\"http:\/\/www.auszeit-an-der-aurach.de\/wp-content\/uploads\/2014\/05\/MG_4865.jpg 5616w, http:\/\/www.auszeit-an-der-aurach.de\/wp-content\/uploads\/2014\/05\/MG_4865-300x200.jpg 300w, http:\/\/www.auszeit-an-der-aurach.de\/wp-content\/uploads\/2014\/05\/MG_4865-1024x682.jpg 1024w, http:\/\/www.auszeit-an-der-aurach.de\/wp-content\/uploads\/2014\/05\/MG_4865-100x66.jpg 100w, http:\/\/www.auszeit-an-der-aurach.de\/wp-content\/uploads\/2014\/05\/MG_4865-150x100.jpg 150w, http:\/\/www.auszeit-an-der-aurach.de\/wp-content\/uploads\/2014\/05\/MG_4865-200x133.jpg 200w, http:\/\/www.auszeit-an-der-aurach.de\/wp-content\/uploads\/2014\/05\/MG_4865-450x300.jpg 450w, http:\/\/www.auszeit-an-der-aurach.de\/wp-content\/uploads\/2014\/05\/MG_4865-600x400.jpg 600w, http:\/\/www.auszeit-an-der-aurach.de\/wp-content\/uploads\/2014\/05\/MG_4865-900x600.jpg 900w\" sizes=\"(max-width: 5616px) 100vw, 5616px\" \/><\/a><\/figure>\n\n\n\n<figure class=\"wp-block-image\"><a href=\"http:\/\/www.auszeit-an-der-aurach.de\/wp-content\/uploads\/2014\/05\/Bild18.jpg\"><img src=\"http:\/\/www.auszeit-an-der-aurach.de\/wp-content\/uploads\/2014\/05\/Bild18.jpg\" alt=\"Bild18\" class=\"wp-image-101\"\/><\/a><\/figure>\n\n\n\n<p class=\"has-text-align-center\"><\/p>\n","protected":false},"excerpt":{"rendered":"<p>&nbsp; &nbsp; &nbsp; &nbsp; &nbsp; &nbsp; &nbsp; &nbsp; &nbsp; &nbsp; &nbsp; &nbsp; &nbsp; &nbsp; &nbsp; &nbsp;&nbsp; \u00a0Teilnahme nach\u00a0vorheriger Anmeldung \u260e\ufe0f Gartenf\u00fchrungen 5 \u20ac Verk\u00f6stigung nach Absprache inkl.:Begr\u00fc\u00dfungsgetr\u00e4nk Kaffee &amp; Kuchen oder Herzhaftes mit Nachtisch Getr\u00e4nke \ud83e\uddc9-> 15 \u20ac \u00a0 Individuelle &hellip;<\/p>\n<p class=\"read-more\"> <a class=\"more-link\" href=\"http:\/\/www.auszeit-an-der-aurach.de\/?page_id=10\"> <span class=\"screen-reader-text\">Termine\/Preise<\/span> Read More &raquo;<\/a><\/p>\n","protected":false},"author":1,"featured_media":281,"parent":0,"menu_order":0,"comment_status":"closed","ping_status":"closed","template":"gutenberg-fullwidth.php","meta":[],"_links":{"self":[{"href":"http:\/\/www.auszeit-an-der-aurach.de\/index.php?rest_route=\/wp\/v2\/pages\/10"}],"collection":[{"href":"http:\/\/www.auszeit-an-der-aurach.de\/index.php?rest_route=\/wp\/v2\/pages"}],"about":[{"href":"http:\/\/www.auszeit-an-der-aurach.de\/index.php?rest_route=\/wp\/v2\/types\/page"}],"author":[{"embeddable":true,"href":"http:\/\/www.auszeit-an-der-aurach.de\/index.php?rest_route=\/wp\/v2\/users\/1"}],"replies":[{"embeddable":true,"href":"http:\/\/www.auszeit-an-der-aurach.de\/index.php?rest_route=%2Fwp%2Fv2%2Fcomments&post=10"}],"version-history":[{"count":53,"href":"http:\/\/www.auszeit-an-der-aurach.de\/index.php?rest_route=\/wp\/v2\/pages\/10\/revisions"}],"predecessor-version":[{"id":399,"href":"http:\/\/www.auszeit-an-der-aurach.de\/index.php?rest_route=\/wp\/v2\/pages\/10\/revisions\/399"}],"wp:featuredmedia":[{"embeddable":true,"href":"http:\/\/www.auszeit-an-der-aurach.de\/index.php?rest_route=\/wp\/v2\/media\/281"}],"wp:attachment":[{"href":"http:\/\/www.auszeit-an-der-aurach.de\/index.php?rest_route=%2Fwp%2Fv2%2Fmedia&parent=10"}],"curies":[{"name":"wp","href":"https:\/\/api.w.org\/{rel}","templated":true}]}}

<p class="has-text-align-center"><strong>&nbsp; &nbsp; &nbsp; &nbsp; &nbsp; &nbsp; &nbsp; &nbsp; &nbsp; &nbsp; &nbsp; &nbsp; &nbsp; &nbsp; &nbsp; &nbsp;&nbsp;</strong></p>



<figure class="wp-block-image"><a href="http://www.auszeit-an-der-aurach.de/wp-content/uploads/2014/05/IMG-20210114-WA0002.jpg"><img loading="lazy" width="1024" height="768" src="http://www.auszeit-an-der-aurach.de/wp-content/uploads/2014/05/IMG-20210114-WA0002-1024x768.jpg" alt="IMG-20210114-WA0002" class="wp-image-270" srcset="http://www.auszeit-an-der-aurach.de/wp-content/uploads/2014/05/IMG-20210114-WA0002-1024x768.jpg 1024w, http://www.auszeit-an-der-aurach.de/wp-content/uploads/2014/05/IMG-20210114-WA0002-300x225.jpg 300w, http://www.auszeit-an-der-aurach.de/wp-content/uploads/2014/05/IMG-20210114-WA0002-100x75.jpg 100w, http://www.auszeit-an-der-aurach.de/wp-content/uploads/2014/05/IMG-20210114-WA0002-150x112.jpg 150w, http://www.auszeit-an-der-aurach.de/wp-content/uploads/2014/05/IMG-20210114-WA0002-200x150.jpg 200w, http://www.auszeit-an-der-aurach.de/wp-content/uploads/2014/05/IMG-20210114-WA0002-450x337.jpg 450w, http://www.auszeit-an-der-aurach.de/wp-content/uploads/2014/05/IMG-20210114-WA0002-600x450.jpg 600w, http://www.auszeit-an-der-aurach.de/wp-content/uploads/2014/05/IMG-20210114-WA0002-900x675.jpg 900w, http://www.auszeit-an-der-aurach.de/wp-content/uploads/2014/05/IMG-20210114-WA0002.jpg 1416w" sizes="(max-width: 1024px) 100vw, 1024px" /></a></figure>



<p class="has-text-align-center"><strong><span style="text-align: center;"> Teilnahme nach vorheriger Anmeldung</span> </strong>☎️</p>



<p class="has-text-align-center">Gartenführungen 5 € <img loading="lazy" height="20px" width="20px" src="https://statics.teams.cdn.office.net/evergreen-assets/personal-expressions/v2/assets/emoticons/sunflower/default/20_f.png?v=v15" alt="Sonnenblume"></p>



<p class="has-text-align-center">Verköstigung nach Absprache inkl.:<br>Begrüßungsgetränk <img loading="lazy" height="20px" width="20px" src="https://statics.teams.cdn.office.net/evergreen-assets/personal-expressions/v2/assets/emoticons/cheers/default/20_f.png?v=v26" alt="Prost!"><br>Kaffee &amp; Kuchen <img loading="lazy" width="20px" height="20px" src="https://statics.teams.cdn.office.net/evergreen-assets/personal-expressions/v2/assets/emoticons/cakeslice/default/20_f.png?v=v19" alt="Stück Kuchen"><br>oder Herzhaftes mit Nachtisch <img loading="lazy" height="20px" width="20px" src="https://statics.teams.cdn.office.net/evergreen-assets/personal-expressions/v2/assets/emoticons/pizzaslice/default/20_f.png?v=v9" alt="Stück Pizza"><br>Getränke 🧉<br>-> 15 €</p>



<p class="has-text-align-center">  Individuelle Absprachen möglich 👥</p>



<p class="has-text-align-center"> Teilnehmerzahl ab 10 Personen 👐</p>



<p class="has-text-align-center">Wir freuen uns auf euch 😍</p>



<figure class="wp-block-image"><a href="http://www.auszeit-an-der-aurach.de/wp-content/uploads/2014/05/MG_4865.jpg"><img loading="lazy" width="5616" height="3744" src="http://www.auszeit-an-der-aurach.de/wp-content/uploads/2014/05/MG_4865.jpg" alt="_MG_4865" class="wp-image-233" srcset="http://www.auszeit-an-der-aurach.de/wp-content/uploads/2014/05/MG_4865.jpg 5616w, http://www.auszeit-an-der-aurach.de/wp-content/uploads/2014/05/MG_4865-300x200.jpg 300w, http://www.auszeit-an-der-aurach.de/wp-content/uploads/2014/05/MG_4865-1024x682.jpg 1024w, http://www.auszeit-an-der-aurach.de/wp-content/uploads/2014/05/MG_4865-100x66.jpg 100w, http://www.auszeit-an-der-aurach.de/wp-content/uploads/2014/05/MG_4865-150x100.jpg 150w, http://www.auszeit-an-der-aurach.de/wp-content/uploads/2014/05/MG_4865-200x133.jpg 200w, http://www.auszeit-an-der-aurach.de/wp-content/uploads/2014/05/MG_4865-450x300.jpg 450w, http://www.auszeit-an-der-aurach.de/wp-content/uploads/2014/05/MG_4865-600x400.jpg 600w, http://www.auszeit-an-der-aurach.de/wp-content/uploads/2014/05/MG_4865-900x600.jpg 900w" sizes="(max-width: 5616px) 100vw, 5616px" /></a></figure>



<figure class="wp-block-image"><a href="http://www.auszeit-an-der-aurach.de/wp-content/uploads/2014/05/Bild18.jpg"><img src="http://www.auszeit-an-der-aurach.de/wp-content/uploads/2014/05/Bild18.jpg" alt="Bild18" class="wp-image-101"/></a></figure>



<p class="has-text-align-center"></p>

<p>&nbsp; &nbsp; &nbsp; &nbsp; &nbsp; &nbsp; &nbsp; &nbsp; &nbsp; &nbsp; &nbsp; &nbsp; &nbsp; &nbsp; &nbsp; &nbsp;&nbsp;  Teilnahme nach vorheriger Anmeldung ☎️ Gartenführungen 5 € Verköstigung nach Absprache inkl.:Begrüßungsgetränk Kaffee &amp; Kuchen oder Herzhaftes mit Nachtisch Getränke 🧉-> 15 €   Individuelle &hellip;</p>
<p class="read-more"> <a class="more-link" href="http://www.auszeit-an-der-aurach.de/?page_id=10"> <span class="screen-reader-text">Termine/Preise</span> Read More &raquo;</a></p>
